
What is the tens digit of 8179?
7
What is the units digit of 2042?
2
What is the ten thousands digit of 82199?
8
What is the units digit of 1847?
7
What is the thousands digit of 1444?
1
What is the hundreds digit of 1650?
6
What is the hundreds digit of 485?
4
What is the hundreds digit of 17513?
5
What is the hundreds digit of 4546?
5
What is the hundreds digit of 81417?
4
What is the hundred thousands digit of 109485?
1
What is the tens digit of 358?
5
What is the tens digit of 1213?
1
What is the tens digit of 230?
3
What is the hundreds digit of 63684?
6
What is the units digit of 4077?
7
What is the tens digit of 436?
3
What is the units digit of 742?
2
What is the tens digit of 5513?
1
What is the tens digit of 56633?
3
What is the thousands digit of 2085?
2
What is the hundreds digit of 22000?
0
What is the thousands digit of 10148?
0
What is the tens digit of 888?
8
What is the hundreds digit of 374?
3
What is the hundreds digit of 169?
1
What is the units digit of 14288?
8
What is the units digit of 279?
9
What is the ten thousands digit of 25974?
2
What is the ten thousands digit of 17579?
1
What is the hundreds digit of 8360?
3
What is the ten thousands digit of 63470?
6
What is the thousands digit of 73155?
3
What is the thousands digit of 15020?
5
What is the thousands digit of 26536?
6
What is the hundreds digit of 378?
3
What is the thousands digit of 5287?
5
What is the hundreds digit of 1761?
7
What is the tens digit of 1652?
5
What is the tens digit of 8872?
7
What is the tens digit of 2110?
1
What is the units digit of 42835?
5
What is the hundreds digit of 740?
7
What is the ten thousands digit of 11109?
1
What is the thousands digit of 43212?
3
What is the units digit of 85?
5
What is the tens digit of 8413?
1
What is the units digit of 9151?
1
What is the hundreds digit of 29034?
0
What is the ten thousands digit of 13335?
1
What is the units digit of 61?
1
What is the hundreds digit of 1981?
9
What is the units digit of 1395?
5
What is the tens digit of 574?
7
What is the tens digit of 438?
3
What is the units digit of 1425?
5
What is the hundreds digit of 8116?
1
What is the thousands digit of 39025?
9
What is the tens digit of 663?
6
What is the thousands digit of 97575?
7
What is the tens digit of 1173?
7
What is the thousands digit of 2882?
2
What is the hundreds digit of 3223?
2
What is the units digit of 1982?
2
What is the hundreds digit of 18113?
1
What is the ten thousands digit of 15577?
1
What is the units digit of 1595?
5
What is the thousands digit of 117259?
7
What is the tens digit of 2126?
2
What is the thousands digit of 1995?
1
What is the tens digit of 314?
1
What is the units digit of 990?
0
What is the units digit of 960?
0
What is the units digit of 1886?
6
What is the units digit of 647?
7
What is the tens digit of 17394?
9
What is the hundreds digit of 2866?
8
What is the thousands digit of 8968?
8
What is the thousands digit of 1026?
1
What is the hundreds digit of 111?
1
What is the ten thousands digit of 14937?
1
What is the units digit of 4351?
1
What is the tens digit of 82529?
2
What is the tens digit of 71388?
8
What is the units digit of 131403?
3
What is the hundreds digit of 31678?
6
What is the ten thousands digit of 14260?
1
What is the thousands digit of 41578?
1
What is the tens digit of 701?
0
What is the hundreds digit of 366?
3
What is the hundreds digit of 2566?
5
What is the tens digit of 10613?
1
What is the ten thousands digit of 19881?
1
What is the units digit of 150?
0
What is the hundreds digit of 20813?
8
What is the units digit of 2163?
3
What is the thousands digit of 110624?
0
What is the units digit of 34158?
8
What is the thousands digit of 2608?
2
What is the tens digit of 1208?
0
What is the tens digit of 3809?
0
What is the tens digit of 161634?
3
What is the thousands digit of 69626?
9
What is the hundreds digit of 3188?
1
What is the thousands digit of 11802?
1
What is the thousands digit of 4232?
4
What is the units digit of 5332?
2
What is the units digit of 19605?
5
What is the tens digit of 2352?
5
What is the tens digit of 3114?
1
What is the units digit of 707?
7
What is the ten thousands digit of 14189?
1
What is the hundreds digit of 2058?
0
What is the hundreds digit of 1033?
0
What is the hundreds digit of 111043?
0
What is the thousands digit of 2143?
2
What is the hundreds digit of 10169?
1
What is the thousands digit of 9190?
9
What is the tens digit of 8936?
3
What is the units digit of 2035?
5
What is the hundreds digit of 651?
6
What is the tens digit of 5314?
1
What is the hundreds digit of 5394?
3
What is the units digit of 17786?
6
What is the thousands digit of 174514?
4
What is the hundreds digit of 1034?
0
What is the hundreds digit of 4311?
3
What is the hundreds digit of 848?
8
What is the tens digit of 61?
6
What is the hundreds digit of 8915?
9
What is the thousands digit of 1184?
1
What is the thousands digit of 4512?
4
What is the thousands digit of 1921?
1
What is the tens digit of 7984?
8
What is the units digit of 296?
6
What is the thousands digit of 2298?
2
What is the units digit of 72003?
3
What is the thousands digit of 54104?
4
What is the units digit of 1201?
1
What is the units digit of 4426?
6
What is the tens digit of 806?
0
What is the tens digit of 32761?
6
What is the tens digit of 15345?
4
What is the thousands digit of 2512?
2
What is the hundreds digit of 25873?
8
What is the ten thousands digit of 69440?
6
What is the thousands digit of 10065?
0
What is the tens digit of 761?
6
What is the tens digit of 2320?
2
What is the thousands digit of 2752?
2
What is the units digit of 145617?
7
What is the hundreds digit of 6615?
6
What is the tens digit of 153665?
6
What is the thousands digit of 13385?
3
What is the hundreds digit of 2433?
4
What is the units digit of 701?
1
What is the thousands digit of 3794?
3
What is the hundred thousands digit of 157146?
1
What is the thousands digit of 1609?
1
What is the units digit of 1380?
0
What is the hundreds digit of 800?
8
What is the hundreds digit of 51744?
7
What is the tens digit of 17275?
7
What is the hundreds digit of 1513?
5
What is the tens digit of 1081?
8
What is the units digit of 3906?
6
What is the tens digit of 2424?
2
What is the thousands digit of 41432?
1
What is the thousands digit of 62360?
2
What is the tens digit of 1765?
6
What is the units digit of 98?
8
What is the units digit of 37426?
6
What is the hundreds digit of 2266?
2
What is the thousands digit of 11817?
1
What is the thousands digit of 4986?
4
What is the units digit of 30046?
6
What is the tens digit of 54964?
6
What is the hundreds digit of 543?
5
What is the units digit of 1936?
6
What is the thousands digit of 5552?
5
What is the ten thousands digit of 30962?
3
What is the tens digit of 267?
6
What is the hundreds digit of 3452?
4
What is the tens digit of 319?
1
What is the hundreds digit of 39154?
1
What is the hundreds digit of 260?
2
What is the thousands digit of 2968?
2
What is the hundreds digit of 197?
1
What is the tens digit of 510?
1
What is the hundreds digit of 12165?
1
What is the hundreds digit of 6872?
8
What is the thousands digit of 1288?
1
What is the tens digit of 1024?
2
What is the units digit of 26486?
6
What is the thousands digit of 2750?
2
What is the hundreds digit of 120704?
7
What is the tens digit of 244?
4
What is the ten thousands digit of 20788?
2
What is the thousands digit of 109044?
9
What is the tens digit of 779?
7
What is the thousands digit of 2770?
2
What is the ten thousands digit of 18413?
1
What is the hundreds digit of 1144?
1
What is the tens digit of 14522?
2
What is the hundreds digit of 3565?
5
What is the thousands digit of 5323?
5
What is the tens digit of 782?
8
What is the hundreds digit of 27422?
4
What is the units digit of 3979?
9
What is the thousands digit of 6077?
6
What is the units digit of 290?
0
What is the tens digit of 358?
5
What is the ten thousands digit of 11935?
1
What is the thousands digit of 61328?
1
What is the tens digit of 574?
7
What is the hundreds digit of 1282?
2
What is the units digit of 39402?
2
What is the units digit of 42357?
7
What is the tens digit of 1185?
8
What is the thousands digit of 142